{"id":24531,"date":"2020-04-16T17:21:28","date_gmt":"2020-04-16T21:21:28","guid":{"rendered":"https:\/\/communityfoundations.ca\/?post_type=event&#038;p=24531"},"modified":"2022-05-17T11:15:38","modified_gmt":"2022-05-17T15:15:38","slug":"les-jeunes-moteurs-des-communautes-valeurs-partagees-pour-des-futurs-equitables-lurgence-du-travail-anti-oppression","status":"publish","type":"event","link":"https:\/\/communityfoundations.ca\/fr\/events\/les-jeunes-moteurs-des-communautes-valeurs-partagees-pour-des-futurs-equitables-lurgence-du-travail-anti-oppression\/","title":{"rendered":"Les jeunes, moteurs des communaut\u00e9s &#8211; Valeurs partag\u00e9es pour des futurs \u00e9quitables : l\u2019urgence du travail anti-oppression"},"content":{"rendered":"\n<p>L\u2019anti-oppression, selon la d\u00e9finition de Pulling Together, est un \u00ab cadre pour comprendre le monde et la place que vous y occupez, pour vous questionner et revoir vos pratiques, et pour cr\u00e9er de nouvelles approches afin de combattre l\u2019oppression et de paver la voie \u00e0 la r\u00e9conciliation et \u00e0 la d\u00e9colonisation \u00bb.\u00a0<\/p>\n\n\n\n<p>Dans cette session, nous approfondirons des cadres anti-oppression, en montrant des fa\u00e7ons d\u2019appliquer cette approche dans votre travail afin que celui-ci soit accessible et \u00e9quitable pour tout le monde, et en mettant l\u2019accent sur l\u2019importance de l\u2019anti-oppression dans une p\u00e9riode d\u2019incertitude. Au cours de la session, les h\u00f4tes et les invit\u00e9s partageront des outils et des pratiques que vous pourrez utiliser lorsque vous en aurez besoin, particuli\u00e8rement en mati\u00e8re d\u2019antiracisme, de racisme anti-Noirs et d\u2019anti-LGBTQ2S+.<\/p>\n\n\n\n<p><strong>Mise \u00e0 jour&nbsp;:<\/strong> Pour contrer l\u2019extr\u00eame injustice et le racisme anti-Noirs qui se manifestent en ce moment, nous avons ajout\u00e9 \u00e0 la session un volet facultatif de 30&nbsp;minutes, afin de cr\u00e9er un espace de r\u00e9flexion collective, de partage de la souffrance et de conversation.&nbsp;<\/p>\n\n\n\n<p><strong>Invit\u00e9es de cette session :<\/strong><\/p>\n\n\n\n<p><strong>Victoria Rodney \u2013 <\/strong>organisatrice communautaire et commissaire \u00e0 l\u2019\u00e9quit\u00e9, Universit\u00e9 de Waterloo<\/p>\n\n\n\n<p><strong>Kassondra Schwab<\/strong>, pr\u00e9sidente de la Quesnel Pride Society, et jeune responsable de Project LGBTQ+ Community Support, un projet du D\u00e9fi communautaire objectif avenir RBC.&nbsp;<\/p>\n\n\n\n<p><strong>Hannah McGechie<\/strong>, directrice g\u00e9n\u00e9rale du Ten Oaks Project, un organisme d\u2019Ottawa qui offre des camps d\u2019\u00e9t\u00e9 et des programmes annuels pour les enfants, les jeunes et les familles des communaut\u00e9s LGBTQ+.&nbsp;<\/p>\n","protected":false},"excerpt":{"rendered":"<p>L\u2019anti-oppression, selon la d\u00e9finition de Pulling Together, est un \u00ab cadre pour comprendre le monde et la place que vous y occupez, pour vous questionner et revoir vos pratiques, et pour cr\u00e9er de nouvelles approches afin de combattre l\u2019oppression et de paver la voie \u00e0 la r\u00e9conciliation et \u00e0 la d\u00e9colonisation \u00bb.\u00a0 Dans cette session, [&hellip;]<\/p>\n","protected":false},"featured_media":24530,"parent":0,"template":"","class_list":["post-24531","event","type-event","status-publish","has-post-thumbnail","hentry"],"acf":[],"_links":{"self":[{"href":"https:\/\/communityfoundations.ca\/fr\/wp-json\/wp\/v2\/event\/24531","targetHints":{"allow":["GET"]}}],"collection":[{"href":"https:\/\/communityfoundations.ca\/fr\/wp-json\/wp\/v2\/event"}],"about":[{"href":"https:\/\/communityfoundations.ca\/fr\/wp-json\/wp\/v2\/types\/event"}],"wp:featuredmedia":[{"embeddable":true,"href":"https:\/\/communityfoundations.ca\/fr\/wp-json\/wp\/v2\/media\/24530"}],"wp:attachment":[{"href":"https:\/\/communityfoundations.ca\/fr\/wp-json\/wp\/v2\/media?parent=24531"}],"curies":[{"name":"wp","href":"https:\/\/api.w.org\/{rel}","templated":true}]}}

Les jeunes, moteurs des communautés &#8211; Valeurs partagées pour des futurs équitables : l’urgence du travail anti-oppression

<p>L’anti-oppression, selon la définition de Pulling Together, est un « cadre pour comprendre le monde et la place que vous y occupez, pour vous questionner et revoir vos pratiques, et pour créer de nouvelles approches afin de combattre l’oppression et de paver la voie à la réconciliation et à la décolonisation ». </p>



<p>Dans cette session, nous approfondirons des cadres anti-oppression, en montrant des façons d’appliquer cette approche dans votre travail afin que celui-ci soit accessible et équitable pour tout le monde, et en mettant l’accent sur l’importance de l’anti-oppression dans une période d’incertitude. Au cours de la session, les hôtes et les invités partageront des outils et des pratiques que vous pourrez utiliser lorsque vous en aurez besoin, particulièrement en matière d’antiracisme, de racisme anti-Noirs et d’anti-LGBTQ2S+.</p>



<p><strong>Mise à jour&nbsp;:</strong> Pour contrer l’extrême injustice et le racisme anti-Noirs qui se manifestent en ce moment, nous avons ajouté à la session un volet facultatif de 30&nbsp;minutes, afin de créer un espace de réflexion collective, de partage de la souffrance et de conversation.&nbsp;</p>



<p><strong>Invitées de cette session :</strong></p>



<p><strong>Victoria Rodney – </strong>organisatrice communautaire et commissaire à l’équité, Université de Waterloo</p>



<p><strong>Kassondra Schwab</strong>, présidente de la Quesnel Pride Society, et jeune responsable de Project LGBTQ+ Community Support, un projet du Défi communautaire objectif avenir RBC.&nbsp;</p>



<p><strong>Hannah McGechie</strong>, directrice générale du Ten Oaks Project, un organisme d’Ottawa qui offre des camps d’été et des programmes annuels pour les enfants, les jeunes et les familles des communautés LGBTQ+.&nbsp;</p>

<p>L’anti-oppression, selon la définition de Pulling Together, est un « cadre pour comprendre le monde et la place que vous y occupez, pour vous questionner et revoir vos pratiques, et pour créer de nouvelles approches afin de combattre l’oppression et de paver la voie à la réconciliation et à la décolonisation ».  Dans cette session, [&hellip;]</p>
