{"id":37785,"date":"2023-04-18T16:59:55","date_gmt":"2023-04-18T20:59:55","guid":{"rendered":"https:\/\/communityfoundations.ca\/?post_type=event&#038;p=37785"},"modified":"2023-04-20T11:59:02","modified_gmt":"2023-04-20T15:59:02","slug":"reconnecte-2023","status":"publish","type":"event","link":"https:\/\/communityfoundations.ca\/fr\/events\/reconnecte-2023\/","title":{"rendered":"RECONNECTE 2023"},"content":{"rendered":"\n<p>Renouveler, repenser, r\u00e9imaginer &#8211; se reconnecter. \u00c0 l&rsquo;heure o\u00f9 les collectivit\u00e9s se remettent de la pand\u00e9mie, les liens sont essentiels \u00e0 notre processus de gu\u00e9rison et de croissance. Les Fondations communautaires du Canada collaborent avec la Toronto Foundation pour organiser RECONNECTE 2023 &#8211; une occasion pour le r\u00e9seau des fondations communautaires de se r\u00e9unir \u00e0 Tkaronto | Toronto les 1er et 2 juin 2023.<\/p>\n\n\n\n<p>Notre conf\u00e9rence biennale et bilingue accueille des fondations communautaires, des partenaires du secteur et des dirigeants d\u2019organismes sans but lucratif de diverses nations. RECONNECTE 2023 propose une s\u00e9ance pr\u00e9paratoire virtuelle et une conf\u00e9rence en personne \u00e9tal\u00e9e sur plusieurs jours offrant :<\/p>\n\n\n\n<ul class=\"wp-block-list\">\n<li>des espaces de rencontre pour approfondir les relations qui sont le moteur de notre travail;<\/li>\n\n\n\n<li>des rassemblements pl\u00e9niers interactifs pour cr\u00e9er une compr\u00e9hension commune;<\/li>\n\n\n\n<li>des espaces de rencontre pour approfondir les relations qui sont le moteur de notre travail;<\/li>\n\n\n\n<li>des exp\u00e9riences communautaires hors site pour acqu\u00e9rir une connaissance approfondie des initiatives communautaires.<\/li>\n<\/ul>\n\n\n\n<p>Consid\u00e9r\u00e9e comme l\u2019une des plus grandes assembl\u00e9es mondiales du domaine de la philanthropie, la conf\u00e9rence RECONNECTE 2023 constitue le seul \u00e9v\u00e9nement dont le contenu est destin\u00e9 sp\u00e9cifiquement aux fondations communautaires canadiennes. De plus, elle offre un espace propice aux rencontres et au r\u00e9seautage.<\/p>\n\n\n\n<div style=\"height:100px\" aria-hidden=\"true\" class=\"wp-block-spacer\"><\/div>\n\n\n\n<div class=\"wp-block-columns is-layout-flex wp-container-core-columns-is-layout-9d6595d7 wp-block-columns-is-layout-flex\">\n<div class=\"wp-block-column is-layout-flow wp-block-column-is-layout-flow\" style=\"flex-basis:100%\">\n<p><\/p>\n<\/div>\n<\/div>\n\n\n\n<div class=\"wp-block-columns are-vertically-aligned-center is-layout-flex wp-container-core-columns-is-layout-9d6595d7 wp-block-columns-is-layout-flex\">\n<div class=\"wp-block-column is-vertically-aligned-center is-layout-flow wp-block-column-is-layout-flow\">\n<p><\/p>\n\n\n\n<p><strong>T\u00e9l\u00e9chargez l\u2019application RECONNECT | RECONNECTE 2023 \u00e0 partir de toutes les boutiques d\u2019applications.<\/strong><\/p>\n<\/div>\n\n\n\n<div class=\"wp-block-column is-vertically-aligned-center is-layout-flow wp-block-column-is-layout-flow\">\n<figure class=\"wp-block-image size-thumbnail\"><a href=\"https:\/\/apps.apple.com\/az\/app\/reconnect-reconnecte-2023\/id6446993808\"><img loading=\"lazy\" decoding=\"async\" width=\"150\" height=\"150\" src=\"https:\/\/communityfoundations.ca\/wp-content\/uploads\/2023\/04\/Icon-150x150.png\" alt=\"\" class=\"wp-image-37808\" srcset=\"https:\/\/communityfoundations.ca\/wp-content\/uploads\/2023\/04\/Icon-150x150.png 150w, https:\/\/communityfoundations.ca\/wp-content\/uploads\/2023\/04\/Icon-300x300.png 300w, https:\/\/communityfoundations.ca\/wp-content\/uploads\/2023\/04\/Icon-768x768.png 768w, https:\/\/communityfoundations.ca\/wp-content\/uploads\/2023\/04\/Icon.png 1024w\" sizes=\"auto, (max-width: 150px) 100vw, 150px\" \/><\/a><\/figure>\n<\/div>\n<\/div>\n","protected":false},"excerpt":{"rendered":"<p>Renouveler, repenser, r\u00e9imaginer &#8211; se reconnecter. \u00c0 l&rsquo;heure o\u00f9 les collectivit\u00e9s se remettent de la pand\u00e9mie, les liens sont essentiels \u00e0 notre processus de gu\u00e9rison et de croissance. Les Fondations communautaires du Canada collaborent avec la Toronto Foundation pour organiser RECONNECTE 2023 &#8211; une occasion pour le r\u00e9seau des fondations communautaires de se r\u00e9unir \u00e0 [&hellip;]<\/p>\n","protected":false},"featured_media":37804,"parent":0,"template":"","class_list":["post-37785","event","type-event","status-publish","has-post-thumbnail","hentry"],"acf":[],"_links":{"self":[{"href":"https:\/\/communityfoundations.ca\/fr\/wp-json\/wp\/v2\/event\/37785","targetHints":{"allow":["GET"]}}],"collection":[{"href":"https:\/\/communityfoundations.ca\/fr\/wp-json\/wp\/v2\/event"}],"about":[{"href":"https:\/\/communityfoundations.ca\/fr\/wp-json\/wp\/v2\/types\/event"}],"wp:featuredmedia":[{"embeddable":true,"href":"https:\/\/communityfoundations.ca\/fr\/wp-json\/wp\/v2\/media\/37804"}],"wp:attachment":[{"href":"https:\/\/communityfoundations.ca\/fr\/wp-json\/wp\/v2\/media?parent=37785"}],"curies":[{"name":"wp","href":"https:\/\/api.w.org\/{rel}","templated":true}]}}

<p>Renouveler, repenser, réimaginer &#8211; se reconnecter. À l&rsquo;heure où les collectivités se remettent de la pandémie, les liens sont essentiels à notre processus de guérison et de croissance. Les Fondations communautaires du Canada collaborent avec la Toronto Foundation pour organiser RECONNECTE 2023 &#8211; une occasion pour le réseau des fondations communautaires de se réunir à Tkaronto | Toronto les 1er et 2 juin 2023.</p>



<p>Notre conférence biennale et bilingue accueille des fondations communautaires, des partenaires du secteur et des dirigeants d’organismes sans but lucratif de diverses nations. RECONNECTE 2023 propose une séance préparatoire virtuelle et une conférence en personne étalée sur plusieurs jours offrant :</p>



<ul class="wp-block-list">
<li>des espaces de rencontre pour approfondir les relations qui sont le moteur de notre travail;</li>



<li>des rassemblements pléniers interactifs pour créer une compréhension commune;</li>



<li>des espaces de rencontre pour approfondir les relations qui sont le moteur de notre travail;</li>



<li>des expériences communautaires hors site pour acquérir une connaissance approfondie des initiatives communautaires.</li>
</ul>



<p>Considérée comme l’une des plus grandes assemblées mondiales du domaine de la philanthropie, la conférence RECONNECTE 2023 constitue le seul événement dont le contenu est destiné spécifiquement aux fondations communautaires canadiennes. De plus, elle offre un espace propice aux rencontres et au réseautage.</p>



<div style="height:100px" aria-hidden="true" class="wp-block-spacer"></div>



<div class="wp-block-columns is-layout-flex wp-container-core-columns-is-layout-9d6595d7 wp-block-columns-is-layout-flex">
<div class="wp-block-column is-layout-flow wp-block-column-is-layout-flow" style="flex-basis:100%">
<p></p>
</div>
</div>



<div class="wp-block-columns are-vertically-aligned-center is-layout-flex wp-container-core-columns-is-layout-9d6595d7 wp-block-columns-is-layout-flex">
<div class="wp-block-column is-vertically-aligned-center is-layout-flow wp-block-column-is-layout-flow">
<p></p>



<p><strong>Téléchargez l’application RECONNECT | RECONNECTE 2023 à partir de toutes les boutiques d’applications.</strong></p>
</div>



<div class="wp-block-column is-vertically-aligned-center is-layout-flow wp-block-column-is-layout-flow">
<figure class="wp-block-image size-thumbnail"><a href="https://apps.apple.com/az/app/reconnect-reconnecte-2023/id6446993808"><img loading="lazy" decoding="async" width="150" height="150" src="https://communityfoundations.ca/wp-content/uploads/2023/04/Icon-150x150.png" alt="" class="wp-image-37808" srcset="https://communityfoundations.ca/wp-content/uploads/2023/04/Icon-150x150.png 150w, https://communityfoundations.ca/wp-content/uploads/2023/04/Icon-300x300.png 300w, https://communityfoundations.ca/wp-content/uploads/2023/04/Icon-768x768.png 768w, https://communityfoundations.ca/wp-content/uploads/2023/04/Icon.png 1024w" sizes="auto, (max-width: 150px) 100vw, 150px" /></a></figure>
</div>
</div>

<p>Renouveler, repenser, réimaginer &#8211; se reconnecter. À l&rsquo;heure où les collectivités se remettent de la pandémie, les liens sont essentiels à notre processus de guérison et de croissance. Les Fondations communautaires du Canada collaborent avec la Toronto Foundation pour organiser RECONNECTE 2023 &#8211; une occasion pour le réseau des fondations communautaires de se réunir à [&hellip;]</p>
