{"id":38636,"date":"2023-07-25T10:31:47","date_gmt":"2023-07-25T14:31:47","guid":{"rendered":"https:\/\/communityfoundations.ca\/?post_type=event&#038;p=38636"},"modified":"2023-09-07T14:18:50","modified_gmt":"2023-09-07T18:18:50","slug":"controler-les-substances-toxiques-pour-proteger-notre-sante-et-notre-planete","status":"publish","type":"event","link":"https:\/\/communityfoundations.ca\/fr\/events\/controler-les-substances-toxiques-pour-proteger-notre-sante-et-notre-planete\/","title":{"rendered":"Contr\u00f4ler les substances toxiques pour prot\u00e9ger notre sant\u00e9 et notre plan\u00e8te"},"content":{"rendered":"\n<p>Tous les jours, des gens partout au Canada sont expos\u00e9s \u00e0 des produits chimiques toxiques sans le savoir. Que ce soit par l\u2019air ou l\u2019eau, dans les plastiques que nous utilisons, dans la nourriture que nous mangeons ou dans les produits de soins<strong> <\/strong>personnels, de nettoyage et de jardinage que nous utilisons, les produits chimiques toxiques et les pesticides entrent dans nos maisons, se propagent dans l\u2019environnement et ont de graves r\u00e9percussions sur la sant\u00e9 humaine et l\u2019environnement.<\/p>\n\n\n\n<p>Les effets n\u00e9fastes des produits toxiques touchent de fa\u00e7on disproportionn\u00e9e les personnes autochtones, noires et de couleur, les personnes qui s\u2019identifient comme femmes et les personnes en situation de pauvret\u00e9. Il s\u2019agit d\u2019enjeux li\u00e9s \u00e0 la sant\u00e9, \u00e0 l\u2019environnement et \u00e0 la justice sociale.<\/p>\n\n\n\n<p>Apr\u00e8s plusieurs ann\u00e9es d\u2019une campagne men\u00e9e par la <em>Coalition for Action on Toxics,<\/em> la <em>Loi canadienne sur la protection de l\u2019environnement, <\/em>pierre angulaire de la l\u00e9gislation canadienne en mati\u00e8re d\u2019environnement, a r\u00e9cemment \u00e9t\u00e9 r\u00e9form\u00e9e. Des changements importants \u00e0 la politique sur les produits toxiques, obtenus de haute lutte, sont en voie d\u2019\u00eatre mis en \u0153uvre.<\/p>\n\n\n\n<p>Joignez-vous \u00e0 nos excellents pan\u00e9listes pour apprendre comment cette collaboration engag\u00e9e par des bailleurs de fonds a fa\u00e7onn\u00e9 les changements essentiels et la voie \u00e0 suivre pour prot\u00e9ger notre sant\u00e9 et notre plan\u00e8te.<\/p>\n\n\n\n<p><strong>Pr\u00e9sentation des pan\u00e9listes :<\/strong><\/p>\n\n\n\n<p><strong>Wendy Cooper<\/strong>, Dragonfly Ventures<\/p>\n\n\n\n<p><strong>Jennifer Beeman et Ama Maria Anney<\/strong>, Action cancer du sein du Qu\u00e9bec&nbsp;<\/p>\n\n\n\n<p><strong>Jane McArthur<\/strong>, l\u2019Association canadienne des m\u00e9decins pour l\u2019environnement <\/p>\n\n\n\n<p><strong>Devika Shah<\/strong>, Financeurs en environnement au Canada (mod\u00e9ratrice)<\/p>\n","protected":false},"excerpt":{"rendered":"<p>Tous les jours, des gens partout au Canada sont expos\u00e9s \u00e0 des produits chimiques toxiques sans le savoir. Que ce soit par l\u2019air ou l\u2019eau, dans les plastiques que nous utilisons, dans la nourriture que nous mangeons ou dans les produits de soins personnels, de nettoyage et de jardinage que nous utilisons, les produits chimiques [&hellip;]<\/p>\n","protected":false},"featured_media":38639,"parent":0,"template":"","class_list":["post-38636","event","type-event","status-publish","has-post-thumbnail","hentry"],"acf":[],"_links":{"self":[{"href":"https:\/\/communityfoundations.ca\/fr\/wp-json\/wp\/v2\/event\/38636","targetHints":{"allow":["GET"]}}],"collection":[{"href":"https:\/\/communityfoundations.ca\/fr\/wp-json\/wp\/v2\/event"}],"about":[{"href":"https:\/\/communityfoundations.ca\/fr\/wp-json\/wp\/v2\/types\/event"}],"wp:featuredmedia":[{"embeddable":true,"href":"https:\/\/communityfoundations.ca\/fr\/wp-json\/wp\/v2\/media\/38639"}],"wp:attachment":[{"href":"https:\/\/communityfoundations.ca\/fr\/wp-json\/wp\/v2\/media?parent=38636"}],"curies":[{"name":"wp","href":"https:\/\/api.w.org\/{rel}","templated":true}]}}

Contrôler les substances toxiques pour protéger notre santé et notre planète

<p>Tous les jours, des gens partout au Canada sont exposés à des produits chimiques toxiques sans le savoir. Que ce soit par l’air ou l’eau, dans les plastiques que nous utilisons, dans la nourriture que nous mangeons ou dans les produits de soins<strong> </strong>personnels, de nettoyage et de jardinage que nous utilisons, les produits chimiques toxiques et les pesticides entrent dans nos maisons, se propagent dans l’environnement et ont de graves répercussions sur la santé humaine et l’environnement.</p>



<p>Les effets néfastes des produits toxiques touchent de façon disproportionnée les personnes autochtones, noires et de couleur, les personnes qui s’identifient comme femmes et les personnes en situation de pauvreté. Il s’agit d’enjeux liés à la santé, à l’environnement et à la justice sociale.</p>



<p>Après plusieurs années d’une campagne menée par la <em>Coalition for Action on Toxics,</em> la <em>Loi canadienne sur la protection de l’environnement, </em>pierre angulaire de la législation canadienne en matière d’environnement, a récemment été réformée. Des changements importants à la politique sur les produits toxiques, obtenus de haute lutte, sont en voie d’être mis en œuvre.</p>



<p>Joignez-vous à nos excellents panélistes pour apprendre comment cette collaboration engagée par des bailleurs de fonds a façonné les changements essentiels et la voie à suivre pour protéger notre santé et notre planète.</p>



<p><strong>Présentation des panélistes :</strong></p>



<p><strong>Wendy Cooper</strong>, Dragonfly Ventures</p>



<p><strong>Jennifer Beeman et Ama Maria Anney</strong>, Action cancer du sein du Québec&nbsp;</p>



<p><strong>Jane McArthur</strong>, l’Association canadienne des médecins pour l’environnement </p>



<p><strong>Devika Shah</strong>, Financeurs en environnement au Canada (modératrice)</p>

<p>Tous les jours, des gens partout au Canada sont exposés à des produits chimiques toxiques sans le savoir. Que ce soit par l’air ou l’eau, dans les plastiques que nous utilisons, dans la nourriture que nous mangeons ou dans les produits de soins personnels, de nettoyage et de jardinage que nous utilisons, les produits chimiques [&hellip;]</p>
