{"id":43292,"date":"2025-01-13T10:25:45","date_gmt":"2025-01-13T15:25:45","guid":{"rendered":"https:\/\/communityfoundations.ca\/?post_type=event&#038;p=43292"},"modified":"2025-04-08T10:25:10","modified_gmt":"2025-04-08T14:25:10","slug":"investissement-a-retombees-sociales-defis-et-occasions","status":"publish","type":"event","link":"https:\/\/communityfoundations.ca\/fr\/events\/investissement-a-retombees-sociales-defis-et-occasions\/","title":{"rendered":"Investissement \u00e0 retomb\u00e9es sociales\u00a0: D\u00e9fis et occasions"},"content":{"rendered":"\n<p>Rejoignez Aaron McRann, directeur g\u00e9n\u00e9ral de la <strong>South Okanagan Community Foundation<\/strong> et Ryan Young de l\u2019<strong>Edmonton Community Foundation<\/strong>, qui discuteront de strat\u00e9gies novatrices en mati\u00e8re d\u2019investissement \u00e0 retomb\u00e9es sociales. Les participant\u00b7e\u00b7s prendront connaissance d\u2019\u00e9tudes de cas du r\u00e9seau de FCC et participeront \u00e0 une conversation prospective sur l\u2019avenir de l\u2019investissement \u00e0 retomb\u00e9es sociales au sein des fondations communautaires. Ensemble, nous \u00e9tudierons le paysage changeant de l\u2019investissement \u00e0 retomb\u00e9es sociales pour les fondations communautaires. Nous passerons \u00e9galement en revue les occasions actuelles d\u2019investissement \u00e0 retomb\u00e9es sociales et aborderons les d\u00e9fis communs que les fondations rencontrent.\u00a0<\/p>\n\n\n\n<p>Dans le cadre de cette s\u00e9ance, vous pourrez&nbsp;:<\/p>\n\n\n\n<ul class=\"wp-block-list\">\n<li>Discuter de la mani\u00e8re dont le secteur peut s\u2019unir pour harmoniser les actifs des fondations communautaires et les objectifs de la mission.<\/li>\n\n\n\n<li>D\u00e9finir les principales occasions de mettre en pratique l\u2019investissement \u00e0 retomb\u00e9es sociales.<\/li>\n\n\n\n<li>Trouver des solutions pour surmonter les difficult\u00e9s initiales li\u00e9es au lancement d\u2019initiatives d\u2019investissement \u00e0 retomb\u00e9es sociales.<\/li>\n<\/ul>\n\n\n\n<p><strong><em>Cette s\u00e9ance est r\u00e9serv\u00e9e aux fondations communautaires du r\u00e9seau de FCC.<\/em><\/strong><\/p>\n\n\n\n<figure class=\"wp-block-image size-large is-resized\"><img loading=\"lazy\" decoding=\"async\" width=\"1024\" height=\"1024\" src=\"https:\/\/communityfoundations.ca\/wp-content\/uploads\/2025\/01\/odd9-1024x1024.png\" alt=\"\" class=\"wp-image-43293\" style=\"width:198px;height:auto\" srcset=\"https:\/\/communityfoundations.ca\/wp-content\/uploads\/2025\/01\/odd9-1024x1024.png 1024w, https:\/\/communityfoundations.ca\/wp-content\/uploads\/2025\/01\/odd9-300x300.png 300w, https:\/\/communityfoundations.ca\/wp-content\/uploads\/2025\/01\/odd9-150x150.png 150w, https:\/\/communityfoundations.ca\/wp-content\/uploads\/2025\/01\/odd9-768x768.png 768w, https:\/\/communityfoundations.ca\/wp-content\/uploads\/2025\/01\/odd9.png 1500w\" sizes=\"auto, (max-width: 1024px) 100vw, 1024px\" \/><\/figure>\n\n\n\n<p><\/p>\n","protected":false},"excerpt":{"rendered":"<p>Rejoignez Aaron McRann, directeur g\u00e9n\u00e9ral de la South Okanagan Community Foundation et Ryan Young de l\u2019Edmonton Community Foundation, qui discuteront de strat\u00e9gies novatrices en mati\u00e8re d\u2019investissement \u00e0 retomb\u00e9es sociales. Les participant\u00b7e\u00b7s prendront connaissance d\u2019\u00e9tudes de cas du r\u00e9seau de FCC et participeront \u00e0 une conversation prospective sur l\u2019avenir de l\u2019investissement \u00e0 retomb\u00e9es sociales au sein [&hellip;]<\/p>\n","protected":false},"featured_media":43349,"parent":0,"template":"","class_list":["post-43292","event","type-event","status-publish","has-post-thumbnail","hentry"],"acf":[],"_links":{"self":[{"href":"https:\/\/communityfoundations.ca\/fr\/wp-json\/wp\/v2\/event\/43292","targetHints":{"allow":["GET"]}}],"collection":[{"href":"https:\/\/communityfoundations.ca\/fr\/wp-json\/wp\/v2\/event"}],"about":[{"href":"https:\/\/communityfoundations.ca\/fr\/wp-json\/wp\/v2\/types\/event"}],"wp:featuredmedia":[{"embeddable":true,"href":"https:\/\/communityfoundations.ca\/fr\/wp-json\/wp\/v2\/media\/43349"}],"wp:attachment":[{"href":"https:\/\/communityfoundations.ca\/fr\/wp-json\/wp\/v2\/media?parent=43292"}],"curies":[{"name":"wp","href":"https:\/\/api.w.org\/{rel}","templated":true}]}}

Investissement à retombées sociales : Défis et occasions

<p>Rejoignez Aaron McRann, directeur général de la <strong>South Okanagan Community Foundation</strong> et Ryan Young de l’<strong>Edmonton Community Foundation</strong>, qui discuteront de stratégies novatrices en matière d’investissement à retombées sociales. Les participant·e·s prendront connaissance d’études de cas du réseau de FCC et participeront à une conversation prospective sur l’avenir de l’investissement à retombées sociales au sein des fondations communautaires. Ensemble, nous étudierons le paysage changeant de l’investissement à retombées sociales pour les fondations communautaires. Nous passerons également en revue les occasions actuelles d’investissement à retombées sociales et aborderons les défis communs que les fondations rencontrent. </p>



<p>Dans le cadre de cette séance, vous pourrez&nbsp;:</p>



<ul class="wp-block-list">
<li>Discuter de la manière dont le secteur peut s’unir pour harmoniser les actifs des fondations communautaires et les objectifs de la mission.</li>



<li>Définir les principales occasions de mettre en pratique l’investissement à retombées sociales.</li>



<li>Trouver des solutions pour surmonter les difficultés initiales liées au lancement d’initiatives d’investissement à retombées sociales.</li>
</ul>



<p><strong><em>Cette séance est réservée aux fondations communautaires du réseau de FCC.</em></strong></p>



<figure class="wp-block-image size-large is-resized"><img loading="lazy" decoding="async" width="1024" height="1024" src="https://communityfoundations.ca/wp-content/uploads/2025/01/odd9-1024x1024.png" alt="" class="wp-image-43293" style="width:198px;height:auto" srcset="https://communityfoundations.ca/wp-content/uploads/2025/01/odd9-1024x1024.png 1024w, https://communityfoundations.ca/wp-content/uploads/2025/01/odd9-300x300.png 300w, https://communityfoundations.ca/wp-content/uploads/2025/01/odd9-150x150.png 150w, https://communityfoundations.ca/wp-content/uploads/2025/01/odd9-768x768.png 768w, https://communityfoundations.ca/wp-content/uploads/2025/01/odd9.png 1500w" sizes="auto, (max-width: 1024px) 100vw, 1024px" /></figure>



<p></p>

<p>Rejoignez Aaron McRann, directeur général de la South Okanagan Community Foundation et Ryan Young de l’Edmonton Community Foundation, qui discuteront de stratégies novatrices en matière d’investissement à retombées sociales. Les participant·e·s prendront connaissance d’études de cas du réseau de FCC et participeront à une conversation prospective sur l’avenir de l’investissement à retombées sociales au sein [&hellip;]</p>
