{"id":23944,"date":"2020-02-24T14:09:01","date_gmt":"2020-02-24T19:09:01","guid":{"rendered":"https:\/\/communityfoundations.ca\/?page_id=23944"},"modified":"2020-02-26T10:09:11","modified_gmt":"2020-02-26T15:09:11","slug":"la-communaute-les-jeunes-moteurs-des-communautes-regles-dengagement-et-ententes-mutuelles-au-sein-de-la-communaute","status":"publish","type":"page","link":"https:\/\/communityfoundations.ca\/fr\/current-initiatives\/la-communaute-les-jeunes-moteurs-des-communautes-regles-dengagement-et-ententes-mutuelles-au-sein-de-la-communaute\/","title":{"rendered":"La communaut\u00e9 \u00ab Les jeunes, moteurs des communaut\u00e9s \u00bb \u2014 R\u00e8gles d\u2019engagement et ententes mutuelles au sein de la communaut\u00e9"},"content":{"rendered":"\n<p><strong>R\u00e8gles d\u2019engagement<\/strong><\/p>\n\n\n\n<ul class=\"wp-block-list\"><li>La communaut\u00e9 \u00ab&nbsp;Les jeunes, moteurs des communaut\u00e9s&nbsp;\u00bb s\u2019adresse aux jeunes de 15&nbsp;\u00e0 29&nbsp;ans ainsi qu\u2019aux organisations partenaires qui travaillent avec les jeunes, dont celles qui participent au <a href=\"https:\/\/communityfoundations.ca\/fr\/initiatives\/defi-communautaire-rbc\/\">D\u00e9fi communautaire objectif avenir RBC<\/a>.<\/li><li>Il y a une politique de tol\u00e9rance z\u00e9ro pour toute forme de harc\u00e8lement ou de comportement discriminatoire par ou envers les participants de la communaut\u00e9. Les personnes qui ne respectent pas cet engagement n\u2019auront plus acc\u00e8s \u00e0 la plateforme et aux futures sessions de la communaut\u00e9.&nbsp;<\/li><li>Nous avons la responsabilit\u00e9 partag\u00e9e de veiller \u00e0 ce que les sessions de la communaut\u00e9 soient s\u00e9curitaires, accessibles et \u00e9quitables pour tout le monde. Si vous \u00eates t\u00e9moin d\u2019actions, de comportements ou de commentaires qui ne respectent pas cette vision, veuillez en aviser les responsables du programme en adressant un courriel \u00e0 <a href=\"mailto:info.flcc@communityfoundations.ca\">info.flcc@communityfoundations.ca<\/a>.<\/li><\/ul>\n\n\n\n<p><strong>Ententes mutuelles au sein de la communaut\u00e9<\/strong><\/p>\n\n\n\n<p>Les ententes mutuelles au sein de la communaut\u00e9 repr\u00e9sentent \u00ab&nbsp;un consensus sur ce dont chaque membre de notre groupe a besoin de la part des autres membres, et s\u2019engage \u00e0 offrir aux autres membres, pour que tous les membres se sentent en s\u00e9curit\u00e9, soutenus, productifs, \u00e0 l\u2019aise et en confiance&nbsp;\u00bb (<a href=\"https:\/\/nationalequityproject.org\/resources\/featured-resources\/developing-community-agreements\">National Equity Project<\/a>). En \u00e9tablissant le contact et en entamant un dialogue avec les autres via la communaut\u00e9, nous proposons les principes directeurs suivants pour le temps que nous passerons ensemble; ces principes seront r\u00e9vis\u00e9s et amend\u00e9s, au besoin, au d\u00e9but de chaque session&nbsp;:&nbsp;<br><\/p>\n\n\n\n<ol class=\"wp-block-list\"><li>C\u2019est notre responsabilit\u00e9 de travailler dans un esprit de r\u00e9conciliation et de d\u00e9colonisation, et d\u2019explorer ce que cela signifie pour chaque personne du groupe.&nbsp;<\/li><li>Nous utilisons les pronoms correspondant aux personnes (si vous d\u00e9sirez qu\u2019on vous d\u00e9signe par un pronom neutre du point de vue du sexe, s.-v-.p nous le mentionner).<\/li><li>Toutes nos exp\u00e9riences, id\u00e9es et informations sont pr\u00e9cieuses et bienvenues.<\/li><li>Nous n\u2019oublions pas que chaque personne du groupe a un v\u00e9cu qui est diff\u00e9rent de celui des autres. En disant \u00ab&nbsp;je&nbsp;\u00bb, nous parlons en notre propre nom; et nous expliquons ce que nous voulons dire lorsque nous utilisons le pronom \u00ab&nbsp;nous&nbsp;\u00bb.<\/li><li>Nous honorons les histoires&nbsp;: lorsque nous entendons une histoire, on nous fait confiance que nous la garderons pour nous, sans la partager, \u00e0 moins d\u2019avoir re\u00e7u l\u2019autorisation explicite de le faire.<\/li><li>Nous n\u2019exigeons pas que les autres partagent leurs connaissances ou r\u00e9pondent \u00e0 nos questions, mais nous entrons en contact et veillons \u00e0 confirmer que la personne \u00e0 qui nous nous adressons est bien celle \u00e0 qui la question doit \u00eatre pos\u00e9e, et que cette personne est \u00e0 l\u2019aise de r\u00e9pondre. Nous respectons son refus.<\/li><li>Oups et Ouille&nbsp;: nous reconnaissons nos erreurs et nous nous effor\u00e7ons de les r\u00e9parer; nous permettons aux autres de s\u2019exprimer, si nous les avons bless\u00e9s ou affect\u00e9s par nos actions ou nos paroles.&nbsp;<\/li><\/ol>\n","protected":false},"excerpt":{"rendered":"<p>R\u00e8gles d\u2019engagement La communaut\u00e9 \u00ab&nbsp;Les jeunes, moteurs des communaut\u00e9s&nbsp;\u00bb s\u2019adresse aux jeunes de 15&nbsp;\u00e0 29&nbsp;ans ainsi qu\u2019aux organisations partenaires qui travaillent avec les jeunes, dont celles qui participent au D\u00e9fi communautaire objectif avenir RBC. Il y a une politique de tol\u00e9rance z\u00e9ro pour toute forme de harc\u00e8lement ou de comportement discriminatoire par ou envers les [&hellip;]<\/p>\n","protected":false},"author":2,"featured_media":0,"parent":19348,"menu_order":0,"comment_status":"closed","ping_status":"closed","template":"","meta":{"footnotes":""},"class_list":["post-23944","page","type-page","status-publish","hentry"],"acf":[],"_links":{"self":[{"href":"https:\/\/communityfoundations.ca\/fr\/wp-json\/wp\/v2\/pages\/23944","targetHints":{"allow":["GET"]}}],"collection":[{"href":"https:\/\/communityfoundations.ca\/fr\/wp-json\/wp\/v2\/pages"}],"about":[{"href":"https:\/\/communityfoundations.ca\/fr\/wp-json\/wp\/v2\/types\/page"}],"author":[{"embeddable":true,"href":"https:\/\/communityfoundations.ca\/fr\/wp-json\/wp\/v2\/users\/2"}],"replies":[{"embeddable":true,"href":"https:\/\/communityfoundations.ca\/fr\/wp-json\/wp\/v2\/comments?post=23944"}],"version-history":[{"count":0,"href":"https:\/\/communityfoundations.ca\/fr\/wp-json\/wp\/v2\/pages\/23944\/revisions"}],"up":[{"embeddable":true,"href":"https:\/\/communityfoundations.ca\/fr\/wp-json\/wp\/v2\/pages\/19348"}],"wp:attachment":[{"href":"https:\/\/communityfoundations.ca\/fr\/wp-json\/wp\/v2\/media?parent=23944"}],"curies":[{"name":"wp","href":"https:\/\/api.w.org\/{rel}","templated":true}]}}

La communauté « Les jeunes, moteurs des communautés » — Règles d’engagement et ententes mutuelles au sein de la communauté

<p><strong>Règles d’engagement</strong></p>



<ul class="wp-block-list"><li>La communauté «&nbsp;Les jeunes, moteurs des communautés&nbsp;» s’adresse aux jeunes de 15&nbsp;à 29&nbsp;ans ainsi qu’aux organisations partenaires qui travaillent avec les jeunes, dont celles qui participent au <a href="https://communityfoundations.ca/fr/initiatives/defi-communautaire-rbc/">Défi communautaire objectif avenir RBC</a>.</li><li>Il y a une politique de tolérance zéro pour toute forme de harcèlement ou de comportement discriminatoire par ou envers les participants de la communauté. Les personnes qui ne respectent pas cet engagement n’auront plus accès à la plateforme et aux futures sessions de la communauté.&nbsp;</li><li>Nous avons la responsabilité partagée de veiller à ce que les sessions de la communauté soient sécuritaires, accessibles et équitables pour tout le monde. Si vous êtes témoin d’actions, de comportements ou de commentaires qui ne respectent pas cette vision, veuillez en aviser les responsables du programme en adressant un courriel à <a href="mailto:info.flcc@communityfoundations.ca">info.flcc@communityfoundations.ca</a>.</li></ul>



<p><strong>Ententes mutuelles au sein de la communauté</strong></p>



<p>Les ententes mutuelles au sein de la communauté représentent «&nbsp;un consensus sur ce dont chaque membre de notre groupe a besoin de la part des autres membres, et s’engage à offrir aux autres membres, pour que tous les membres se sentent en sécurité, soutenus, productifs, à l’aise et en confiance&nbsp;» (<a href="https://nationalequityproject.org/resources/featured-resources/developing-community-agreements">National Equity Project</a>). En établissant le contact et en entamant un dialogue avec les autres via la communauté, nous proposons les principes directeurs suivants pour le temps que nous passerons ensemble; ces principes seront révisés et amendés, au besoin, au début de chaque session&nbsp;:&nbsp;<br></p>



<ol class="wp-block-list"><li>C’est notre responsabilité de travailler dans un esprit de réconciliation et de décolonisation, et d’explorer ce que cela signifie pour chaque personne du groupe.&nbsp;</li><li>Nous utilisons les pronoms correspondant aux personnes (si vous désirez qu’on vous désigne par un pronom neutre du point de vue du sexe, s.-v-.p nous le mentionner).</li><li>Toutes nos expériences, idées et informations sont précieuses et bienvenues.</li><li>Nous n’oublions pas que chaque personne du groupe a un vécu qui est différent de celui des autres. En disant «&nbsp;je&nbsp;», nous parlons en notre propre nom; et nous expliquons ce que nous voulons dire lorsque nous utilisons le pronom «&nbsp;nous&nbsp;».</li><li>Nous honorons les histoires&nbsp;: lorsque nous entendons une histoire, on nous fait confiance que nous la garderons pour nous, sans la partager, à moins d’avoir reçu l’autorisation explicite de le faire.</li><li>Nous n’exigeons pas que les autres partagent leurs connaissances ou répondent à nos questions, mais nous entrons en contact et veillons à confirmer que la personne à qui nous nous adressons est bien celle à qui la question doit être posée, et que cette personne est à l’aise de répondre. Nous respectons son refus.</li><li>Oups et Ouille&nbsp;: nous reconnaissons nos erreurs et nous nous efforçons de les réparer; nous permettons aux autres de s’exprimer, si nous les avons blessés ou affectés par nos actions ou nos paroles.&nbsp;</li></ol>

<p>Règles d’engagement La communauté «&nbsp;Les jeunes, moteurs des communautés&nbsp;» s’adresse aux jeunes de 15&nbsp;à 29&nbsp;ans ainsi qu’aux organisations partenaires qui travaillent avec les jeunes, dont celles qui participent au Défi communautaire objectif avenir RBC. Il y a une politique de tolérance zéro pour toute forme de harcèlement ou de comportement discriminatoire par ou envers les [&hellip;]</p>
