{"id":1331,"date":"2019-05-08T13:10:46","date_gmt":"2019-05-08T17:10:46","guid":{"rendered":"https:\/\/communityfoundations.ca\/person\/andrew-chunilall\/"},"modified":"2024-02-29T10:51:50","modified_gmt":"2024-02-29T15:51:50","slug":"andrew-chunilall","status":"publish","type":"person","link":"https:\/\/communityfoundations.ca\/fr\/person\/andrew-chunilall\/","title":{"rendered":"Andrew Chunilall"},"content":{"rendered":"<p><span style=\"font-weight: 400;\">Andrew s&rsquo;est joint \u00e0 Fondations communautaires du Canada en 2013 et a \u00e9t\u00e9 nomm\u00e9 chef de la direction en 2017, apr\u00e8s avoir occup\u00e9 pendant six ans le poste de<\/span><span style=\"font-weight: 400;\"> vice-pr\u00e9sident des finances \u00e0 la London Community Foundation, sans oublier ses nombreuses ann\u00e9es de service en tant qu\u2019expert en finances et en r\u00e9glementation pour le milieu philanthropique au Canada. Maintenant \u00e0 la t\u00eate du mouvement des fondations communautaires, <\/span><span style=\"font-weight: 400;\">Andrew collabore \u00e9troitement avec l\u2019\u00e9quipe de direction et avec le C.A. de Fondations communautaires du Canada, ainsi qu\u2019avec les fondations au Canada et \u00e0 l\u2019\u00e9tranger, pour aider le secteur philanthropique \u00e0 \u00e9voluer, \u00e0 innover, et \u00e0 relever les nouveaux d\u00e9fis et saisir les opportunit\u00e9s qu\u2019offre le 21<\/span><span style=\"font-weight: 400;\">e<\/span><span style=\"font-weight: 400;\"> si\u00e8cle. Andrew donne de plus en plus de conf\u00e9rences afin de montrer comment la force mobilisatrice, le leadership et l\u2019action du secteur philanthropique, lorsqu\u2019ils sont mis au service de cibles telles que les Objectifs de d\u00e9veloppement durable, peuvent aider les collectivit\u00e9s canadiennes \u00e0 atteindre leur plein potentiel.<\/span><\/p>\n<p><span style=\"font-weight: 400;\">En plus de ses fonctions au sein du <\/span><span style=\"font-weight: 400;\">mouvement des fondations communautaires canadiennes<\/span><span style=\"font-weight: 400;\">, <\/span><span style=\"font-weight: 400;\">Andrew est tr\u00e8s engag\u00e9 dans le secteur communautaire depuis une quinzaine d\u2019ann\u00e9es comme membre de plusieurs C.A., dont ceux d\u2019Int\u00e9gration communautaire London et de Art for AIDS International. En 2014, Deb Matthews, ancienne ministre ontarienne de la Sant\u00e9, l\u2019a nomm\u00e9 membre du C.A. du R\u00e9seau local d\u2019int\u00e9gration des services de sant\u00e9 du Sud-Ouest. En 2015, il \u00e9tait l\u2019un des 250 leaders \u00e9mergents invit\u00e9s \u00e0 participer \u00e0 la Conf\u00e9rence canadienne du Gouverneur g\u00e9n\u00e9ral sur le leadership.<\/span><\/p>\n<p><span style=\"font-weight: 400;\">Dipl\u00f4m\u00e9 en \u00e9conomie et en commerce, Andrew a obtenu le titre de comptable agr\u00e9\u00e9 en 2002 et amorc\u00e9 sa carri\u00e8re chez PricewaterhouseCoopers LLP comme directeur du groupe Assurance et services-conseils.<\/span><\/p>\n<hr \/>\n<p>Andrew travaille aupr\u00e8s de l\u2019\u00e9quipe de direction et du conseil d\u2019administration pour diriger les op\u00e9rations strat\u00e9giques de l\u2019organisation.<\/p>\n<p><span style=\"font-weight: 400;\">Fonctions actuelles<\/span><\/p>\n<ul>\n<li><span style=\"font-weight: 400;\">Pr\u00e9sident, <\/span><a href=\"https:\/\/wingsweb.org\/en\/about-board-members\"><span style=\"font-weight: 400;\">Wings Philanthropy<\/span><\/a><\/li>\n<li>Tr\u00e9sorier, <a style=\"font-size: revert;\" href=\"https:\/\/www.tpw.org\/team\/\"><span>The Philanthropy Workshop Global<\/span><\/a><\/li>\n<li>Pr\u00e9sident, The Philanthropy Workshop Canada<\/li>\n<li>Membre, leadership communautaire, <a style=\"font-size: revert;\" href=\"https:\/\/www.cilar.ca\/community\/\"><span>Coalition of Innovation Leaders Against Racism<\/span><\/a><span style=\"font-weight: 400;\"> (CILAR)<\/span><\/li>\n<li>Membre du conseil consultatif, <a style=\"font-size: revert;\" href=\"https:\/\/www.canadacoalition.ca\/fr\/accueil\"><span>Coalition pour un avenir meilleur<\/span><\/a><\/li>\n<li>Comit\u00e9 d\u2019investissement, <a style=\"font-size: revert;\" href=\"https:\/\/www.iprfund.ca\/\"><span>Indigenous Peoples Resilience Fund<\/span><\/a><\/li>\n<li>Comit\u00e9 d\u2019investissement, <a style=\"font-size: revert;\" href=\"https:\/\/www.forblackcommunities.org\/fr\/\"><span>Fondation pour les communaut\u00e9s noires<\/span><\/a><\/li>\n<\/ul>\n","protected":false},"featured_media":1360,"parent":0,"template":"","class_list":["post-1331","person","type-person","status-publish","has-post-thumbnail","hentry","team-personnel"],"acf":[],"_links":{"self":[{"href":"https:\/\/communityfoundations.ca\/fr\/wp-json\/wp\/v2\/person\/1331","targetHints":{"allow":["GET"]}}],"collection":[{"href":"https:\/\/communityfoundations.ca\/fr\/wp-json\/wp\/v2\/person"}],"about":[{"href":"https:\/\/communityfoundations.ca\/fr\/wp-json\/wp\/v2\/types\/person"}],"wp:featuredmedia":[{"embeddable":true,"href":"https:\/\/communityfoundations.ca\/fr\/wp-json\/wp\/v2\/media\/1360"}],"wp:attachment":[{"href":"https:\/\/communityfoundations.ca\/fr\/wp-json\/wp\/v2\/media?parent=1331"}],"curies":[{"name":"wp","href":"https:\/\/api.w.org\/{rel}","templated":true}]}}

<p><span style="font-weight: 400;">Andrew s&rsquo;est joint à Fondations communautaires du Canada en 2013 et a été nommé chef de la direction en 2017, après avoir occupé pendant six ans le poste de</span><span style="font-weight: 400;"> vice-président des finances à la London Community Foundation, sans oublier ses nombreuses années de service en tant qu’expert en finances et en réglementation pour le milieu philanthropique au Canada. Maintenant à la tête du mouvement des fondations communautaires, </span><span style="font-weight: 400;">Andrew collabore étroitement avec l’équipe de direction et avec le C.A. de Fondations communautaires du Canada, ainsi qu’avec les fondations au Canada et à l’étranger, pour aider le secteur philanthropique à évoluer, à innover, et à relever les nouveaux défis et saisir les opportunités qu’offre le 21</span><span style="font-weight: 400;">e</span><span style="font-weight: 400;"> siècle. Andrew donne de plus en plus de conférences afin de montrer comment la force mobilisatrice, le leadership et l’action du secteur philanthropique, lorsqu’ils sont mis au service de cibles telles que les Objectifs de développement durable, peuvent aider les collectivités canadiennes à atteindre leur plein potentiel.</span></p>
<p><span style="font-weight: 400;">En plus de ses fonctions au sein du </span><span style="font-weight: 400;">mouvement des fondations communautaires canadiennes</span><span style="font-weight: 400;">, </span><span style="font-weight: 400;">Andrew est très engagé dans le secteur communautaire depuis une quinzaine d’années comme membre de plusieurs C.A., dont ceux d’Intégration communautaire London et de Art for AIDS International. En 2014, Deb Matthews, ancienne ministre ontarienne de la Santé, l’a nommé membre du C.A. du Réseau local d’intégration des services de santé du Sud-Ouest. En 2015, il était l’un des 250 leaders émergents invités à participer à la Conférence canadienne du Gouverneur général sur le leadership.</span></p>
<p><span style="font-weight: 400;">Diplômé en économie et en commerce, Andrew a obtenu le titre de comptable agréé en 2002 et amorcé sa carrière chez PricewaterhouseCoopers LLP comme directeur du groupe Assurance et services-conseils.</span></p>
<hr />
<p>Andrew travaille auprès de l’équipe de direction et du conseil d’administration pour diriger les opérations stratégiques de l’organisation.</p>
<p><span style="font-weight: 400;">Fonctions actuelles</span></p>
<ul>
<li><span style="font-weight: 400;">Président, </span><a href="https://wingsweb.org/en/about-board-members"><span style="font-weight: 400;">Wings Philanthropy</span></a></li>
<li>Trésorier, <a style="font-size: revert;" href="https://www.tpw.org/team/"><span>The Philanthropy Workshop Global</span></a></li>
<li>Président, The Philanthropy Workshop Canada</li>
<li>Membre, leadership communautaire, <a style="font-size: revert;" href="https://www.cilar.ca/community/"><span>Coalition of Innovation Leaders Against Racism</span></a><span style="font-weight: 400;"> (CILAR)</span></li>
<li>Membre du conseil consultatif, <a style="font-size: revert;" href="https://www.canadacoalition.ca/fr/accueil"><span>Coalition pour un avenir meilleur</span></a></li>
<li>Comité d’investissement, <a style="font-size: revert;" href="https://www.iprfund.ca/"><span>Indigenous Peoples Resilience Fund</span></a></li>
<li>Comité d’investissement, <a style="font-size: revert;" href="https://www.forblackcommunities.org/fr/"><span>Fondation pour les communautés noires</span></a></li>
</ul>
