{"id":34471,"date":"2022-07-20T17:06:02","date_gmt":"2022-07-20T21:06:02","guid":{"rendered":"https:\/\/communityfoundations.ca\/?post_type=person&#038;p=34471"},"modified":"2026-01-13T11:14:15","modified_gmt":"2026-01-13T16:14:15","slug":"sam-campling","status":"publish","type":"person","link":"https:\/\/communityfoundations.ca\/fr\/person\/sam-campling\/","title":{"rendered":"Sam Campling"},"content":{"rendered":"\n<p>La passion de Sam pour la communication vient d&rsquo;un d\u00e9sir personnel d&rsquo;entrer en contact avec les gens, d&rsquo;entendre leurs histoires et d&rsquo;apprendre. C\u2019est une conteuse passionn\u00e9e qui aime travailler avec des acteurs de changement et partager leurs exp\u00e9riences avec un public plus large.<\/p>\n\n\n\n<p>Sam est originaire d&rsquo;une petite ville du nord de la Saskatchewan et elle apporte un sens de la communaut\u00e9 dans tout ce qu&rsquo;elle fait. Elle d\u00e9tient une ma\u00eetrise en journalisme de l&rsquo;Universit\u00e9 Carleton et vit actuellement dans le \u00ab Paris des Prairies \u00bb. Bien qu&rsquo;elle ait d\u00e9m\u00e9nag\u00e9 dans un grand centre, Sam s&rsquo;assure toujours d&rsquo;insuffler un certain esprit de voisinage lorsqu&rsquo;elle \u00e9tablit des liens avec les fondations communautaires locales.<\/p>\n\n\n\n<p>Avant de se joindre \u00e0 FCC, Sam a travaill\u00e9 pour une station de radio provinciale qui met en valeur les histoires du nord de la Saskatchewan et des communaut\u00e9s autochtones. Elle a ensuite fait ses d\u00e9buts en communication dans un organisme provincial.<\/p>\n\n\n\n<p>En dehors du travail, Sam aime explorer la beaut\u00e9 de la for\u00eat bor\u00e9ale, s&rsquo;aventurer sur les lacs et les rivi\u00e8res du Nord, ou simplement se promener dans Saskatoon avec son chien, Ember.<\/p>\n","protected":false},"featured_media":41900,"parent":0,"template":"","class_list":["post-34471","person","type-person","status-publish","has-post-thumbnail","hentry","team-personnel"],"acf":[],"_links":{"self":[{"href":"https:\/\/communityfoundations.ca\/fr\/wp-json\/wp\/v2\/person\/34471","targetHints":{"allow":["GET"]}}],"collection":[{"href":"https:\/\/communityfoundations.ca\/fr\/wp-json\/wp\/v2\/person"}],"about":[{"href":"https:\/\/communityfoundations.ca\/fr\/wp-json\/wp\/v2\/types\/person"}],"wp:featuredmedia":[{"embeddable":true,"href":"https:\/\/communityfoundations.ca\/fr\/wp-json\/wp\/v2\/media\/41900"}],"wp:attachment":[{"href":"https:\/\/communityfoundations.ca\/fr\/wp-json\/wp\/v2\/media?parent=34471"}],"curies":[{"name":"wp","href":"https:\/\/api.w.org\/{rel}","templated":true}]}}

<p>La passion de Sam pour la communication vient d&rsquo;un désir personnel d&rsquo;entrer en contact avec les gens, d&rsquo;entendre leurs histoires et d&rsquo;apprendre. C’est une conteuse passionnée qui aime travailler avec des acteurs de changement et partager leurs expériences avec un public plus large.</p>



<p>Sam est originaire d&rsquo;une petite ville du nord de la Saskatchewan et elle apporte un sens de la communauté dans tout ce qu&rsquo;elle fait. Elle détient une maîtrise en journalisme de l&rsquo;Université Carleton et vit actuellement dans le « Paris des Prairies ». Bien qu&rsquo;elle ait déménagé dans un grand centre, Sam s&rsquo;assure toujours d&rsquo;insuffler un certain esprit de voisinage lorsqu&rsquo;elle établit des liens avec les fondations communautaires locales.</p>



<p>Avant de se joindre à FCC, Sam a travaillé pour une station de radio provinciale qui met en valeur les histoires du nord de la Saskatchewan et des communautés autochtones. Elle a ensuite fait ses débuts en communication dans un organisme provincial.</p>



<p>En dehors du travail, Sam aime explorer la beauté de la forêt boréale, s&rsquo;aventurer sur les lacs et les rivières du Nord, ou simplement se promener dans Saskatoon avec son chien, Ember.</p>
