{"id":35973,"date":"2022-11-30T14:04:59","date_gmt":"2022-11-30T19:04:59","guid":{"rendered":"https:\/\/communityfoundations.ca\/?post_type=person&#038;p=35973"},"modified":"2024-05-30T14:54:25","modified_gmt":"2024-05-30T18:54:25","slug":"sarah-trudeau","status":"publish","type":"person","link":"https:\/\/communityfoundations.ca\/fr\/person\/sarah-trudeau\/","title":{"rendered":"Sarah Trudeau"},"content":{"rendered":"\n<p>Sarah a travaill\u00e9 \u00e0 la fois dans le secteur des organismes \u00e0 but non lucratif et dans le secteur priv\u00e9.<\/p>\n\n\n\n<p>Avant de se joindre \u00e0 Fondations communautaires du Canada (FCC), Sarah a travaill\u00e9 pendant neuf ans \u00e0 la Community Foundation of the South Okanagan Similkameen \u00e0 titre de gestionnaire des subventions et des initiatives communautaires. Pendant cette p\u00e9riode, elle a dirig\u00e9 de nombreux programmes nationaux de FCC, notamment le FUAC, l\u2019ICS et Signes vitaux.&nbsp;<\/p>\n\n\n\n<p>Sarah a d\u00e9but\u00e9 dans les communications pour une entreprise \u00e0 but lucratif desservant le secteur caritatif et a poursuivi dans l\u2019investissement communautaire, ce qui l\u2019a amen\u00e9e \u00e0 g\u00e9rer le portefeuille d\u2019investissement communautaire pour une importante coop\u00e9rative de cr\u00e9dit de la Colombie-Britannique. De l\u00e0, elle a travaill\u00e9 pour la Community Foundation of the South Okanagan Similkameen avant d\u2019\u00eatre d\u00e9tach\u00e9e aupr\u00e8s de FCC pour diriger le Fonds de relance des services communautaires.<\/p>\n\n\n\n<p>Dans ses temps libres, Sarah enseigne le conditionnement physique de groupe et le cardiov\u00e9lo et aime passer du temps avec son mari et son fils.<\/p>\n","protected":false},"featured_media":35972,"parent":0,"template":"","class_list":["post-35973","person","type-person","status-publish","has-post-thumbnail","hentry","team-personnel"],"acf":[],"_links":{"self":[{"href":"https:\/\/communityfoundations.ca\/fr\/wp-json\/wp\/v2\/person\/35973","targetHints":{"allow":["GET"]}}],"collection":[{"href":"https:\/\/communityfoundations.ca\/fr\/wp-json\/wp\/v2\/person"}],"about":[{"href":"https:\/\/communityfoundations.ca\/fr\/wp-json\/wp\/v2\/types\/person"}],"wp:featuredmedia":[{"embeddable":true,"href":"https:\/\/communityfoundations.ca\/fr\/wp-json\/wp\/v2\/media\/35972"}],"wp:attachment":[{"href":"https:\/\/communityfoundations.ca\/fr\/wp-json\/wp\/v2\/media?parent=35973"}],"curies":[{"name":"wp","href":"https:\/\/api.w.org\/{rel}","templated":true}]}}

<p>Sarah a travaillé à la fois dans le secteur des organismes à but non lucratif et dans le secteur privé.</p>



<p>Avant de se joindre à Fondations communautaires du Canada (FCC), Sarah a travaillé pendant neuf ans à la Community Foundation of the South Okanagan Similkameen à titre de gestionnaire des subventions et des initiatives communautaires. Pendant cette période, elle a dirigé de nombreux programmes nationaux de FCC, notamment le FUAC, l’ICS et Signes vitaux.&nbsp;</p>



<p>Sarah a débuté dans les communications pour une entreprise à but lucratif desservant le secteur caritatif et a poursuivi dans l’investissement communautaire, ce qui l’a amenée à gérer le portefeuille d’investissement communautaire pour une importante coopérative de crédit de la Colombie-Britannique. De là, elle a travaillé pour la Community Foundation of the South Okanagan Similkameen avant d’être détachée auprès de FCC pour diriger le Fonds de relance des services communautaires.</p>



<p>Dans ses temps libres, Sarah enseigne le conditionnement physique de groupe et le cardiovélo et aime passer du temps avec son mari et son fils.</p>
