{"id":36959,"date":"2023-03-03T11:00:36","date_gmt":"2023-03-03T16:00:36","guid":{"rendered":"https:\/\/communityfoundations.ca\/?post_type=person&#038;p=36959"},"modified":"2026-01-13T11:17:23","modified_gmt":"2026-01-13T16:17:23","slug":"rachael-sonola","status":"publish","type":"person","link":"https:\/\/communityfoundations.ca\/fr\/person\/rachael-sonola\/","title":{"rendered":"Rachael Sonola"},"content":{"rendered":"\n<div style=\"height:42px\" aria-hidden=\"true\" class=\"wp-block-spacer\"><\/div>\n\n\n\n<p>Rachael est une communicatrice strat\u00e9gique, une narratrice et une championne de l&rsquo;\u00e9quit\u00e9 et des retomb\u00e9es sociales. Pour elle, la communication est plus que la simple diffusion d\u2019un message &#8211; il s&rsquo;agit de fa\u00e7onner des r\u00e9cits qui inspirent l&rsquo;action, cr\u00e9ent des liens et entra\u00eenent des changements significatifs.<\/p>\n\n\n\n<p>Forte d&rsquo;une formation en sant\u00e9 publique, en bien-\u00eatre et en engagement communautaire, elle a travaill\u00e9 sur des projets de recherche et de plaidoyer ax\u00e9s sur l&rsquo;\u00e9quit\u00e9 au sein de la communaut\u00e9 noire et la justice en mati\u00e8re de sant\u00e9 au Canada. Chez FCC, elle soutient les initiatives sans but lucratif et utilise la narration pour faire entendre la voix des communaut\u00e9s et renforcer leur r\u00e9silience.<\/p>\n\n\n\n<p>En dehors du travail, Rachael est membre du conseil d&rsquo;administration de Sisters in Sync, qui donne aux filles et aux femmes noires les moyens de s\u2019\u00e9panouir et de faire partie int\u00e9grante de la communaut\u00e9. Voyageuse passionn\u00e9e et blogueuse curieuse, elle est toujours \u00e0 la recherche de nouvelles fa\u00e7ons d&rsquo;avoir un impact.<\/p>\n","protected":false},"featured_media":44527,"parent":0,"template":"","class_list":["post-36959","person","type-person","status-publish","has-post-thumbnail","hentry","team-personnel"],"acf":[],"_links":{"self":[{"href":"https:\/\/communityfoundations.ca\/fr\/wp-json\/wp\/v2\/person\/36959","targetHints":{"allow":["GET"]}}],"collection":[{"href":"https:\/\/communityfoundations.ca\/fr\/wp-json\/wp\/v2\/person"}],"about":[{"href":"https:\/\/communityfoundations.ca\/fr\/wp-json\/wp\/v2\/types\/person"}],"wp:featuredmedia":[{"embeddable":true,"href":"https:\/\/communityfoundations.ca\/fr\/wp-json\/wp\/v2\/media\/44527"}],"wp:attachment":[{"href":"https:\/\/communityfoundations.ca\/fr\/wp-json\/wp\/v2\/media?parent=36959"}],"curies":[{"name":"wp","href":"https:\/\/api.w.org\/{rel}","templated":true}]}}

<div style="height:42px" aria-hidden="true" class="wp-block-spacer"></div>



<p>Rachael est une communicatrice stratégique, une narratrice et une championne de l&rsquo;équité et des retombées sociales. Pour elle, la communication est plus que la simple diffusion d’un message &#8211; il s&rsquo;agit de façonner des récits qui inspirent l&rsquo;action, créent des liens et entraînent des changements significatifs.</p>



<p>Forte d&rsquo;une formation en santé publique, en bien-être et en engagement communautaire, elle a travaillé sur des projets de recherche et de plaidoyer axés sur l&rsquo;équité au sein de la communauté noire et la justice en matière de santé au Canada. Chez FCC, elle soutient les initiatives sans but lucratif et utilise la narration pour faire entendre la voix des communautés et renforcer leur résilience.</p>



<p>En dehors du travail, Rachael est membre du conseil d&rsquo;administration de Sisters in Sync, qui donne aux filles et aux femmes noires les moyens de s’épanouir et de faire partie intégrante de la communauté. Voyageuse passionnée et blogueuse curieuse, elle est toujours à la recherche de nouvelles façons d&rsquo;avoir un impact.</p>
