{"id":38017,"date":"2023-05-11T14:49:55","date_gmt":"2023-05-11T18:49:55","guid":{"rendered":"https:\/\/communityfoundations.ca\/person\/anny-champoux\/"},"modified":"2026-01-14T10:15:13","modified_gmt":"2026-01-14T15:15:13","slug":"anny-champoux","status":"publish","type":"person","link":"https:\/\/communityfoundations.ca\/fr\/person\/anny-champoux\/","title":{"rendered":"Anny Champoux"},"content":{"rendered":"\n<p>Anny Champoux est Gestionnaire du programme Fonds de relance des services communautaires chez Fondations communautaires du Canada.&nbsp; Son sens accru de l\u2019\u00e9coute, son authenticit\u00e9 et son efficacit\u00e9 sont des forces qui facilitent l\u2019atteinte des objectifs des initiatives qu\u2019elle entreprend.&nbsp; Sa motivation premi\u00e8re?&nbsp; L\u2019impact qu\u2019a son travail dans les collectivit\u00e9s.<\/p>\n\n\n\n<p>Apr\u00e8s avoir \u0153uvr\u00e9 15 ans en Acadie de la Nouvelle-\u00c9cosse, son engagement pour la francophonie canadienne, ainsi que son expertise en int\u00e9gration des arts en milieu scolaire, l\u2019ont pouss\u00e9e vers la F\u00e9d\u00e9ration culturelle canadienne-fran\u00e7aise, \u00e0 Ottawa, o\u00f9 elle a coordonn\u00e9 les travaux de la Table nationale du Lien Langue-Culture-\u00c9ducation.&nbsp; Depuis son retour au Qu\u00e9bec, elle s&rsquo;est investie en participation citoyenne, en journalisme, en d\u00e9veloppement \u00e9conomique, social et philanthropique.<\/p>\n\n\n\n<p>Ses nombreuses exp\u00e9riences en communications, gestion de projets et recherche de financement, tant au niveau local, provincial que pancanadien ont d\u00e9montr\u00e9 qu&rsquo;elle est une m\u00e9diatrice hors-pair dans les projets de partenariats intersectoriels.&nbsp; Ses champs d\u2019int\u00e9r\u00eat sont l\u2019environnement, la culture et la jeunesse.&nbsp; Ce qu\u2019elle appr\u00e9cie particuli\u00e8rement chez FFC sont les valeurs, la diversit\u00e9 et l\u2019unicit\u00e9 de chaque personne qui compose l\u2019\u00e9quipe.<\/p>\n","protected":false},"featured_media":38015,"parent":0,"template":"","class_list":["post-38017","person","type-person","status-publish","has-post-thumbnail","hentry","team-personnel"],"acf":[],"_links":{"self":[{"href":"https:\/\/communityfoundations.ca\/fr\/wp-json\/wp\/v2\/person\/38017","targetHints":{"allow":["GET"]}}],"collection":[{"href":"https:\/\/communityfoundations.ca\/fr\/wp-json\/wp\/v2\/person"}],"about":[{"href":"https:\/\/communityfoundations.ca\/fr\/wp-json\/wp\/v2\/types\/person"}],"wp:featuredmedia":[{"embeddable":true,"href":"https:\/\/communityfoundations.ca\/fr\/wp-json\/wp\/v2\/media\/38015"}],"wp:attachment":[{"href":"https:\/\/communityfoundations.ca\/fr\/wp-json\/wp\/v2\/media?parent=38017"}],"curies":[{"name":"wp","href":"https:\/\/api.w.org\/{rel}","templated":true}]}}

<p>Anny Champoux est Gestionnaire du programme Fonds de relance des services communautaires chez Fondations communautaires du Canada.&nbsp; Son sens accru de l’écoute, son authenticité et son efficacité sont des forces qui facilitent l’atteinte des objectifs des initiatives qu’elle entreprend.&nbsp; Sa motivation première?&nbsp; L’impact qu’a son travail dans les collectivités.</p>



<p>Après avoir œuvré 15 ans en Acadie de la Nouvelle-Écosse, son engagement pour la francophonie canadienne, ainsi que son expertise en intégration des arts en milieu scolaire, l’ont poussée vers la Fédération culturelle canadienne-française, à Ottawa, où elle a coordonné les travaux de la Table nationale du Lien Langue-Culture-Éducation.&nbsp; Depuis son retour au Québec, elle s&rsquo;est investie en participation citoyenne, en journalisme, en développement économique, social et philanthropique.</p>



<p>Ses nombreuses expériences en communications, gestion de projets et recherche de financement, tant au niveau local, provincial que pancanadien ont démontré qu&rsquo;elle est une médiatrice hors-pair dans les projets de partenariats intersectoriels.&nbsp; Ses champs d’intérêt sont l’environnement, la culture et la jeunesse.&nbsp; Ce qu’elle apprécie particulièrement chez FFC sont les valeurs, la diversité et l’unicité de chaque personne qui compose l’équipe.</p>
