{"id":38713,"date":"2023-07-25T16:06:08","date_gmt":"2023-07-25T20:06:08","guid":{"rendered":"https:\/\/communityfoundations.ca\/?post_type=person&#038;p=38713"},"modified":"2026-01-13T14:41:02","modified_gmt":"2026-01-13T19:41:02","slug":"kelly-evans","status":"publish","type":"person","link":"https:\/\/communityfoundations.ca\/fr\/person\/kelly-evans\/","title":{"rendered":"Kelly Evans"},"content":{"rendered":"\n<p><\/p>\n\n\n\n<p>Kelly Evans est pr\u00e9sidente et cheffe de la direction de la fondation communautaire qui offre des services dans la r\u00e9gion du Grand Saint John, au Nouveau-Brunswick, et elle travaille pour cette fondation depuis un dizaine d\u2019ann\u00e9es. Native de Terre-Neuve-et-Labrador et ayant grandi en Nouvelle-\u00c9cosse, elle a choisi d\u2019\u00e9lever ses enfants au Nouveau-Brunswick. En tant que promotrice communautaire, gestionnaire de projet et d\u00e9fenseure des populations prioritaires reconnue, elle a occup\u00e9 des postes de direction dans le secteur public, notamment au sein des syst\u00e8mes de sant\u00e9 de la Nouvelle-\u00c9cosse et du Nouveau-Brunswick. Elle est titulaire d\u2019un baccalaur\u00e9at \u00e8s sciences de l\u2019universit\u00e9 Acadia, d\u2019un baccalaur\u00e9at en \u00e9ducation \u00e0 la sant\u00e9 de l\u2019Universit\u00e9 Dalhousie et d\u2019une ma\u00eetrise en \u00e9ducation des adultes de l\u2019Universit\u00e9 Mount Saint Vincent. Kelly a \u00e9t\u00e9 pr\u00e9sidente de l\u2019Association of Fundraising Professionals, New Brunswick Chapter, et elle est gestionnaire de collecte de fonds agr\u00e9\u00e9e (CFRE).\u00a0<\/p>\n","protected":false},"featured_media":41199,"parent":0,"template":"","class_list":["post-38713","person","type-person","status-publish","has-post-thumbnail","hentry","team-conseil-dadministration"],"acf":[],"_links":{"self":[{"href":"https:\/\/communityfoundations.ca\/fr\/wp-json\/wp\/v2\/person\/38713","targetHints":{"allow":["GET"]}}],"collection":[{"href":"https:\/\/communityfoundations.ca\/fr\/wp-json\/wp\/v2\/person"}],"about":[{"href":"https:\/\/communityfoundations.ca\/fr\/wp-json\/wp\/v2\/types\/person"}],"wp:featuredmedia":[{"embeddable":true,"href":"https:\/\/communityfoundations.ca\/fr\/wp-json\/wp\/v2\/media\/41199"}],"wp:attachment":[{"href":"https:\/\/communityfoundations.ca\/fr\/wp-json\/wp\/v2\/media?parent=38713"}],"curies":[{"name":"wp","href":"https:\/\/api.w.org\/{rel}","templated":true}]}}

<p></p>



<p>Kelly Evans est présidente et cheffe de la direction de la fondation communautaire qui offre des services dans la région du Grand Saint John, au Nouveau-Brunswick, et elle travaille pour cette fondation depuis un dizaine d’années. Native de Terre-Neuve-et-Labrador et ayant grandi en Nouvelle-Écosse, elle a choisi d’élever ses enfants au Nouveau-Brunswick. En tant que promotrice communautaire, gestionnaire de projet et défenseure des populations prioritaires reconnue, elle a occupé des postes de direction dans le secteur public, notamment au sein des systèmes de santé de la Nouvelle-Écosse et du Nouveau-Brunswick. Elle est titulaire d’un baccalauréat ès sciences de l’université Acadia, d’un baccalauréat en éducation à la santé de l’Université Dalhousie et d’une maîtrise en éducation des adultes de l’Université Mount Saint Vincent. Kelly a été présidente de l’Association of Fundraising Professionals, New Brunswick Chapter, et elle est gestionnaire de collecte de fonds agréée (CFRE). </p>
