{"id":41641,"date":"2024-06-13T13:50:26","date_gmt":"2024-06-13T17:50:26","guid":{"rendered":"https:\/\/communityfoundations.ca\/?post_type=person&#038;p=41641"},"modified":"2026-01-13T14:44:18","modified_gmt":"2026-01-13T19:44:18","slug":"danbi-cho","status":"publish","type":"person","link":"https:\/\/communityfoundations.ca\/fr\/person\/danbi-cho\/","title":{"rendered":"Danbi Cho"},"content":{"rendered":"\n<p>Danbi est actuellement responsable du programme Impact Canada \u00e0 la Mastercard Foundation, o\u00f9 il m\u00e8ne des initiatives strat\u00e9giques visant \u00e0 cr\u00e9er des changements positifs au profit des jeunes et des communaut\u00e9s autochtones.<\/p>\n\n\n\n<p>D\u2019ascendance mi\u2019kmaw et chinoise, Danbi est fier d\u2019appartenir \u00e0 la Premi\u00e8re nation Miawpukek, situ\u00e9e \u00e0 Conne River, \u00e0 Terre-Neuve. Il est titulaire d\u2019un baccalaur\u00e9at sp\u00e9cialis\u00e9 en administration publique et en gouvernance de l\u2019Universit\u00e9 Toronto Metropolitan.<\/p>\n\n\n\n<p>Sa d\u00e9signation comme laur\u00e9at d\u2019une bourse du Conseil de recherches en sciences humaines t\u00e9moigne de son attachement \u00e0 l\u2019excellence universitaire. Cette reconnaissance met en \u00e9vidence sa volont\u00e9 de d\u00e9velopper de nouvelles approches autochtones en mati\u00e8re d\u2019\u00e9valuation et de recherche. Fort d\u2019une solide exp\u00e9rience en strat\u00e9gie, en recherche, en \u00e9valuation, en d\u00e9fense des politiques et en relations avec les gouvernements et les populations autochtones, Danbi a perfectionn\u00e9 ses comp\u00e9tences en \u0153uvrant pendant plus de dix ans aux c\u00f4t\u00e9s et au service des populations autochtones, qu\u2019il s\u2019agisse de communaut\u00e9s urbaines, nordiques ou \u00e9loign\u00e9es, ou de communaut\u00e9s internationales.<\/p>\n\n\n\n<p><\/p>\n","protected":false},"featured_media":41632,"parent":0,"template":"","class_list":["post-41641","person","type-person","status-publish","has-post-thumbnail","hentry","team-conseil-dadministration"],"acf":[],"_links":{"self":[{"href":"https:\/\/communityfoundations.ca\/fr\/wp-json\/wp\/v2\/person\/41641","targetHints":{"allow":["GET"]}}],"collection":[{"href":"https:\/\/communityfoundations.ca\/fr\/wp-json\/wp\/v2\/person"}],"about":[{"href":"https:\/\/communityfoundations.ca\/fr\/wp-json\/wp\/v2\/types\/person"}],"wp:featuredmedia":[{"embeddable":true,"href":"https:\/\/communityfoundations.ca\/fr\/wp-json\/wp\/v2\/media\/41632"}],"wp:attachment":[{"href":"https:\/\/communityfoundations.ca\/fr\/wp-json\/wp\/v2\/media?parent=41641"}],"curies":[{"name":"wp","href":"https:\/\/api.w.org\/{rel}","templated":true}]}}

<p>Danbi est actuellement responsable du programme Impact Canada à la Mastercard Foundation, où il mène des initiatives stratégiques visant à créer des changements positifs au profit des jeunes et des communautés autochtones.</p>



<p>D’ascendance mi’kmaw et chinoise, Danbi est fier d’appartenir à la Première nation Miawpukek, située à Conne River, à Terre-Neuve. Il est titulaire d’un baccalauréat spécialisé en administration publique et en gouvernance de l’Université Toronto Metropolitan.</p>



<p>Sa désignation comme lauréat d’une bourse du Conseil de recherches en sciences humaines témoigne de son attachement à l’excellence universitaire. Cette reconnaissance met en évidence sa volonté de développer de nouvelles approches autochtones en matière d’évaluation et de recherche. Fort d’une solide expérience en stratégie, en recherche, en évaluation, en défense des politiques et en relations avec les gouvernements et les populations autochtones, Danbi a perfectionné ses compétences en œuvrant pendant plus de dix ans aux côtés et au service des populations autochtones, qu’il s’agisse de communautés urbaines, nordiques ou éloignées, ou de communautés internationales.</p>



<p></p>
