{"id":45248,"date":"2025-06-19T13:51:24","date_gmt":"2025-06-19T17:51:24","guid":{"rendered":"https:\/\/communityfoundations.ca\/?post_type=person&#038;p=45248"},"modified":"2026-01-13T14:43:44","modified_gmt":"2026-01-13T19:43:44","slug":"anne-delorme","status":"publish","type":"person","link":"https:\/\/communityfoundations.ca\/fr\/person\/anne-delorme\/","title":{"rendered":"Anne Delorme"},"content":{"rendered":"\n<p>Anne est une dirigeante renomm\u00e9e dans le domaine du d\u00e9veloppement international. Elle poss\u00e8de plus de 20 ans d&rsquo;exp\u00e9rience et d\u00e9tient un MBA de l&rsquo;Universit\u00e9 McGill. Au cours de sa carri\u00e8re, elle a occup\u00e9 des postes cl\u00e9s au sein d&rsquo;organisations canadiennes et internationales, telles que le Programme des Nations Unies pour le d\u00e9veloppement. En tant qu&rsquo;ancienne directrice du Fonds Agir ensemble pour l&rsquo;inclusion et coordinatrice du Comit\u00e9 qu\u00e9b\u00e9cois femmes et d\u00e9veloppement \u00e0 l&rsquo;Association qu\u00e9b\u00e9coise des organismes de coop\u00e9ration internationale, elle s&rsquo;est impos\u00e9e comme leader d&rsquo;opinion dans les domaines des droits des femmes, de l&rsquo;\u00e9galit\u00e9 des genres et de l&rsquo;inclusion.<\/p>\n\n\n\n<p>Anne est actuellement directrice g\u00e9n\u00e9rale d&rsquo;Humanit\u00e9 et Inclusion Canada, une organisation laur\u00e9ate du prix Nobel qui op\u00e8re dans 60 pays pour appuyer les programmes humanitaires et de d\u00e9veloppement qui donnent la priorit\u00e9 \u00e0 l&rsquo;inclusion des personnes en situation de handicap et de vuln\u00e9rabilit\u00e9. Vivant \u00e0 Montr\u00e9al, elle a \u00e9galement mis son expertise au service de divers organismes communautaires locaux, notamment en si\u00e9geant au conseil d&rsquo;administration du Santropol Roulant.<\/p>\n","protected":false},"featured_media":45247,"parent":0,"template":"","class_list":["post-45248","person","type-person","status-publish","has-post-thumbnail","hentry","team-conseil-dadministration"],"acf":[],"_links":{"self":[{"href":"https:\/\/communityfoundations.ca\/fr\/wp-json\/wp\/v2\/person\/45248","targetHints":{"allow":["GET"]}}],"collection":[{"href":"https:\/\/communityfoundations.ca\/fr\/wp-json\/wp\/v2\/person"}],"about":[{"href":"https:\/\/communityfoundations.ca\/fr\/wp-json\/wp\/v2\/types\/person"}],"wp:featuredmedia":[{"embeddable":true,"href":"https:\/\/communityfoundations.ca\/fr\/wp-json\/wp\/v2\/media\/45247"}],"wp:attachment":[{"href":"https:\/\/communityfoundations.ca\/fr\/wp-json\/wp\/v2\/media?parent=45248"}],"curies":[{"name":"wp","href":"https:\/\/api.w.org\/{rel}","templated":true}]}}

<p>Anne est une dirigeante renommée dans le domaine du développement international. Elle possède plus de 20 ans d&rsquo;expérience et détient un MBA de l&rsquo;Université McGill. Au cours de sa carrière, elle a occupé des postes clés au sein d&rsquo;organisations canadiennes et internationales, telles que le Programme des Nations Unies pour le développement. En tant qu&rsquo;ancienne directrice du Fonds Agir ensemble pour l&rsquo;inclusion et coordinatrice du Comité québécois femmes et développement à l&rsquo;Association québécoise des organismes de coopération internationale, elle s&rsquo;est imposée comme leader d&rsquo;opinion dans les domaines des droits des femmes, de l&rsquo;égalité des genres et de l&rsquo;inclusion.</p>



<p>Anne est actuellement directrice générale d&rsquo;Humanité et Inclusion Canada, une organisation lauréate du prix Nobel qui opère dans 60 pays pour appuyer les programmes humanitaires et de développement qui donnent la priorité à l&rsquo;inclusion des personnes en situation de handicap et de vulnérabilité. Vivant à Montréal, elle a également mis son expertise au service de divers organismes communautaires locaux, notamment en siégeant au conseil d&rsquo;administration du Santropol Roulant.</p>
