{"id":46202,"date":"2026-01-12T11:49:42","date_gmt":"2026-01-12T16:49:42","guid":{"rendered":"https:\/\/communityfoundations.ca\/?post_type=person&#038;p=46202"},"modified":"2026-01-13T11:13:43","modified_gmt":"2026-01-13T16:13:43","slug":"megan-ip","status":"publish","type":"person","link":"https:\/\/communityfoundations.ca\/fr\/person\/megan-ip\/","title":{"rendered":"Megan Ip"},"content":{"rendered":"\n<p>Megan est une leader en communications ayant \u0153uvr\u00e9 au sein du gouvernement, du secteur technologique et du milieu communautaire. Elle a commenc\u00e9 sa carri\u00e8re comme conseill\u00e8re politique au Qu\u00e9bec et en relations publiques avant de s\u2019installer \u00e0 Toronto en 2018. Trilingue en fran\u00e7ais, anglais et chinois, avec une connaissance de base de l\u2019espagnol et de l\u2019allemand, elle apporte une profonde appr\u00e9ciation des langues et de l\u2019engagement interculturel.<\/p>\n\n\n\n<p><br>Elle a men\u00e9 des campagnes nationales et mondiales mettant en lumi\u00e8re les voix canadiennes au pays et \u00e0 l\u2019international. Avant de se joindre \u00e0 FCC, Megan dirigeait les communications et le marketing de l\u2019Empire Club of Canada, une institution centenaire et embl\u00e9matique \u00e0 Toronto.<\/p>\n\n\n\n<p><br>Au-del\u00e0 des communications, elle est passionn\u00e9e de technologie, et s\u2019int\u00e9resse en particulier \u00e0 l\u2019intelligence artificielle responsable, \u00e0 la protection des donn\u00e9es et \u00e0 la cybers\u00e9curit\u00e9. Elle poss\u00e8de une formation en droit et en politiques publiques et est dipl\u00f4m\u00e9e en communications de l\u2019Universit\u00e9 McGill \u00e0 Montr\u00e9al.<\/p>\n\n\n\n<p><br>Dans son temps libre, elle aime passer du temps avec sa famille, essayer de nouvelles choses et rester active.<\/p>\n","protected":false},"featured_media":46201,"parent":0,"template":"","class_list":["post-46202","person","type-person","status-publish","has-post-thumbnail","hentry","team-personnel"],"acf":[],"_links":{"self":[{"href":"https:\/\/communityfoundations.ca\/fr\/wp-json\/wp\/v2\/person\/46202","targetHints":{"allow":["GET"]}}],"collection":[{"href":"https:\/\/communityfoundations.ca\/fr\/wp-json\/wp\/v2\/person"}],"about":[{"href":"https:\/\/communityfoundations.ca\/fr\/wp-json\/wp\/v2\/types\/person"}],"wp:featuredmedia":[{"embeddable":true,"href":"https:\/\/communityfoundations.ca\/fr\/wp-json\/wp\/v2\/media\/46201"}],"wp:attachment":[{"href":"https:\/\/communityfoundations.ca\/fr\/wp-json\/wp\/v2\/media?parent=46202"}],"curies":[{"name":"wp","href":"https:\/\/api.w.org\/{rel}","templated":true}]}}

<p>Megan est une leader en communications ayant œuvré au sein du gouvernement, du secteur technologique et du milieu communautaire. Elle a commencé sa carrière comme conseillère politique au Québec et en relations publiques avant de s’installer à Toronto en 2018. Trilingue en français, anglais et chinois, avec une connaissance de base de l’espagnol et de l’allemand, elle apporte une profonde appréciation des langues et de l’engagement interculturel.</p>



<p><br>Elle a mené des campagnes nationales et mondiales mettant en lumière les voix canadiennes au pays et à l’international. Avant de se joindre à FCC, Megan dirigeait les communications et le marketing de l’Empire Club of Canada, une institution centenaire et emblématique à Toronto.</p>



<p><br>Au-delà des communications, elle est passionnée de technologie, et s’intéresse en particulier à l’intelligence artificielle responsable, à la protection des données et à la cybersécurité. Elle possède une formation en droit et en politiques publiques et est diplômée en communications de l’Université McGill à Montréal.</p>



<p><br>Dans son temps libre, elle aime passer du temps avec sa famille, essayer de nouvelles choses et rester active.</p>
